{"id":81,"date":"2024-02-26T18:49:56","date_gmt":"2024-02-26T17:49:56","guid":{"rendered":"https:\/\/grandtoureurope.fr\/?page_id=81"},"modified":"2024-03-31T16:41:30","modified_gmt":"2024-03-31T14:41:30","slug":"le-voyage","status":"publish","type":"page","link":"https:\/\/grandtoureurope.fr\/index.php\/le-voyage\/","title":{"rendered":"Le voyage"},"content":{"rendered":"\t\t<div data-elementor-type=\"wp-page\" data-elementor-id=\"81\" class=\"elementor elementor-81\">\n\t\t\t\t<div class=\"elementor-element elementor-element-aec00b8 e-flex e-con-boxed e-con e-parent\" data-id=\"aec00b8\" data-element_type=\"container\" data-settings=\"{&quot;content_width&quot;:&quot;boxed&quot;}\" data-core-v316-plus=\"true\">\n\t\t\t\t\t<div class=\"e-con-inner\">\n\t\t\t\t<div class=\"elementor-element elementor-element-da25b5a elementor-widget elementor-widget-text-editor\" data-id=\"da25b5a\" data-element_type=\"widget\" data-widget_type=\"text-editor.default\">\n\t\t\t\t<div class=\"elementor-widget-container\">\n\t\t\t<style>\/*! elementor - v3.19.0 - 26-02-2024 *\/\n.elementor-widget-text-editor.elementor-drop-cap-view-stacked .elementor-drop-cap{background-color:#69727d;color:#fff}.elementor-widget-text-editor.elementor-drop-cap-view-framed .elementor-drop-cap{color:#69727d;border:3px solid;background-color:transparent}.elementor-widget-text-editor:not(.elementor-drop-cap-view-default) .elementor-drop-cap{margin-top:8px}.elementor-widget-text-editor:not(.elementor-drop-cap-view-default) .elementor-drop-cap-letter{width:1em;height:1em}.elementor-widget-text-editor .elementor-drop-cap{float:left;text-align:center;line-height:1;font-size:50px}.elementor-widget-text-editor .elementor-drop-cap-letter{display:inline-block}<\/style>\t\t\t\t<h2 style=\"text-align: center;\">LE VOYAGE<\/h2>\t\t\t\t\t\t<\/div>\n\t\t\t\t<\/div>\n\t\t\t\t\t<\/div>\n\t\t\t\t<\/div>\n\t\t<div class=\"elementor-element elementor-element-8199b89 e-flex e-con-boxed e-con e-parent\" data-id=\"8199b89\" data-element_type=\"container\" data-settings=\"{&quot;content_width&quot;:&quot;boxed&quot;}\" data-core-v316-plus=\"true\">\n\t\t\t\t\t<div class=\"e-con-inner\">\n\t\t\t\t<div class=\"elementor-element elementor-element-e8fdbf2 elementor-widget elementor-widget-text-editor\" data-id=\"e8fdbf2\" data-element_type=\"widget\" data-widget_type=\"text-editor.default\">\n\t\t\t\t<div class=\"elementor-widget-container\">\n\t\t\t\t\t\t\t<p align=\"CENTER\"><span style=\"font-family: Times, serif;\"><span style=\"font-size: x-large;\"><span style=\"color: #548dd4;\"><span style=\"font-family: Arial, serif;\"><i><b>\u00ab Un tour d\u2019Europe \u00e0 v\u00e9lo, d\u2019autres l\u2019ont fait, <\/b><\/i><\/span><\/span><\/span><\/span><i style=\"font-family: Arial, serif; color: #548dd4; font-size: x-large;\"><b>mais, mineurs, \u00e0 17 ans, on est les seuls\u00a0!\u00a0\u00bb<\/b><\/i><\/p>\t\t\t\t\t\t<\/div>\n\t\t\t\t<\/div>\n\t\t\t\t\t<\/div>\n\t\t\t\t<\/div>\n\t\t<div class=\"elementor-element elementor-element-ba21a18 e-flex e-con-boxed e-con e-parent\" data-id=\"ba21a18\" data-element_type=\"container\" data-settings=\"{&quot;content_width&quot;:&quot;boxed&quot;}\" data-core-v316-plus=\"true\">\n\t\t\t\t\t<div class=\"e-con-inner\">\n\t\t\t\t<div class=\"elementor-element elementor-element-e5d4888 elementor-widget elementor-widget-image\" data-id=\"e5d4888\" data-element_type=\"widget\" data-widget_type=\"image.default\">\n\t\t\t\t<div class=\"elementor-widget-container\">\n\t\t\t<style>\/*! elementor - v3.19.0 - 26-02-2024 *\/\n.elementor-widget-image{text-align:center}.elementor-widget-image a{display:inline-block}.elementor-widget-image a img[src$=\".svg\"]{width:48px}.elementor-widget-image img{vertical-align:middle;display:inline-block}<\/style>\t\t\t\t\t\t\t\t\t\t<img fetchpriority=\"high\" decoding=\"async\" width=\"2560\" height=\"1218\" src=\"https:\/\/grandtoureurope.fr\/wp-content\/uploads\/2024\/02\/Photo-Voyage-scaled.jpg\" class=\"attachment-full size-full wp-image-328\" alt=\"\" srcset=\"https:\/\/grandtoureurope.fr\/wp-content\/uploads\/2024\/02\/Photo-Voyage-scaled.jpg 2560w, https:\/\/grandtoureurope.fr\/wp-content\/uploads\/2024\/02\/Photo-Voyage-1536x731.jpg 1536w, https:\/\/grandtoureurope.fr\/wp-content\/uploads\/2024\/02\/Photo-Voyage-2048x974.jpg 2048w\" sizes=\"(max-width: 2560px) 100vw, 2560px\" \/>\t\t\t\t\t\t\t\t\t\t\t\t\t<\/div>\n\t\t\t\t<\/div>\n\t\t\t\t\t<\/div>\n\t\t\t\t<\/div>\n\t\t<div class=\"elementor-element elementor-element-142baa5 e-con-full e-flex e-con e-parent\" data-id=\"142baa5\" data-element_type=\"container\" data-settings=\"{&quot;content_width&quot;:&quot;full&quot;}\" data-core-v316-plus=\"true\">\n\t\t\t\t<div class=\"elementor-element elementor-element-83dfd12 elementor-widget elementor-widget-text-editor\" data-id=\"83dfd12\" data-element_type=\"widget\" data-widget_type=\"text-editor.default\">\n\t\t\t\t<div class=\"elementor-widget-container\">\n\t\t\t\t\t\t\t<pre style=\"text-align: center;\"><strong><a href=\"https:\/\/europa2velos.com\/\" target=\"_blank\" rel=\"noopener\">VOIR LE SITE DU VOYAGE<\/a><\/strong><\/pre>\t\t\t\t\t\t<\/div>\n\t\t\t\t<\/div>\n\t\t\t\t<\/div>\n\t\t<div class=\"elementor-element elementor-element-134e4de e-flex e-con-boxed e-con e-parent\" data-id=\"134e4de\" data-element_type=\"container\" data-settings=\"{&quot;content_width&quot;:&quot;boxed&quot;}\" data-core-v316-plus=\"true\">\n\t\t\t\t\t<div class=\"e-con-inner\">\n\t\t\t\t<div class=\"elementor-element elementor-element-c668477 elementor-widget elementor-widget-text-editor\" data-id=\"c668477\" data-element_type=\"widget\" data-widget_type=\"text-editor.default\">\n\t\t\t\t<div class=\"elementor-widget-container\">\n\t\t\t\t\t\t\t<p><span style=\"font-family: Times, serif;\"><span style=\"font-size: large;\"><span style=\"font-family: Arial, serif;\">Apr\u00e8s 18 mois de pr\u00e9paratifs, notamment pour r\u00e9unir le budget \u2013 au demeurant tr\u00e8s modeste \u2013 dont ils avaient besoin, Elio et Justin ont r\u00e9ussi \u00e0 convaincre leurs parents qu\u2019ils pouvaient les laisser partir pour un an, le bac en poche, ann\u00e9e de c\u00e9sure un peu particuli\u00e8re avant des \u00e9tudes en fac.<\/span><\/span><\/span><\/p><p><span style=\"font-family: Times, serif;\"><span style=\"font-size: large;\"><span style=\"font-family: Arial, serif;\">Pas de chance, c\u2019\u00e9tait l\u2019ann\u00e9e du COVID\u00a0! Ils ont adapt\u00e9 autant que possible leur trajet aux contraintes cr\u00e9\u00e9es par la pand\u00e9mie, m\u00eame si de nombreuses fronti\u00e8res \u00e9taient ferm\u00e9es, que les tests \u00e9taient hors de prix pour leurs finances et les quarantaines difficiles \u00e0 contourner. Malgr\u00e9 la situation cr\u00e9\u00e9e par le COVID, ils ont \u00e9t\u00e9 g\u00e9n\u00e9reusement accueillis tout au long de leur voyage, dans une Europe totalement vid\u00e9e de son tourisme habituel\u2026 mais pas de ses camions\u00a0!<br \/><\/span><\/span><\/span><\/p><p>\u00a0<\/p><p><span style=\"font-family: Times, serif;\"><span style=\"font-size: large;\"><span style=\"font-family: Arial, serif;\">Elio et Justin ont visit\u00e9 des projets \u00e9cologiques et sont all\u00e9s \u00e0 la rencontre des habitants des diff\u00e9rents pays qu\u2019ils ont travers\u00e9s. Ils ont collabor\u00e9 avec des \u00e9coles primaires et une classe de lyc\u00e9e pour permettre aux \u00e9l\u00e8ves de suivre leur voyage \u00e0 distance en visioconf\u00e9rence et de d\u00e9couvrir l\u2019Europe avec eux tout en \u00e9tudiant.<\/span><\/span><\/span><\/p><p><span style=\"font-family: Times, serif;\"><span style=\"font-size: large;\"><span style=\"font-family: Arial, serif;\">Ils ont fait un blog pour leur r\u00e9seau de contacts, qui s\u2019est \u00e9largi au cours du voyage. Ils ont aussi \u00e9t\u00e9 suivis par diff\u00e9rents m\u00e9dias de leur r\u00e9gion et par le journal lyc\u00e9en Phosphore.<\/span><\/span><\/span><\/p><p><span style=\"font-family: Times, serif;\"><span style=\"font-size: large;\"><span style=\"font-family: Arial, serif;\">\u00a0<\/span><\/span><\/span><\/p>\t\t\t\t\t\t<\/div>\n\t\t\t\t<\/div>\n\t\t\t\t\t<\/div>\n\t\t\t\t<\/div>\n\t\t<div class=\"elementor-element elementor-element-fa54ab9 e-flex e-con-boxed e-con e-parent\" data-id=\"fa54ab9\" data-element_type=\"container\" data-settings=\"{&quot;content_width&quot;:&quot;boxed&quot;}\" data-core-v316-plus=\"true\">\n\t\t\t\t\t<div class=\"e-con-inner\">\n\t\t\t\t\t<\/div>\n\t\t\t\t<\/div>\n\t\t\t\t<\/div>\n\t\t","protected":false},"excerpt":{"rendered":"<p>Le voyage d&#8217;Elio et Justin<\/p>\n","protected":false},"author":1,"featured_media":0,"parent":0,"menu_order":0,"comment_status":"closed","ping_status":"closed","template":"","meta":{"footnotes":""},"class_list":["post-81","page","type-page","status-publish","hentry"],"_links":{"self":[{"href":"https:\/\/grandtoureurope.fr\/index.php\/wp-json\/wp\/v2\/pages\/81","targetHints":{"allow":["GET"]}}],"collection":[{"href":"https:\/\/grandtoureurope.fr\/index.php\/wp-json\/wp\/v2\/pages"}],"about":[{"href":"https:\/\/grandtoureurope.fr\/index.php\/wp-json\/wp\/v2\/types\/page"}],"author":[{"embeddable":true,"href":"https:\/\/grandtoureurope.fr\/index.php\/wp-json\/wp\/v2\/users\/1"}],"replies":[{"embeddable":true,"href":"https:\/\/grandtoureurope.fr\/index.php\/wp-json\/wp\/v2\/comments?post=81"}],"version-history":[{"count":33,"href":"https:\/\/grandtoureurope.fr\/index.php\/wp-json\/wp\/v2\/pages\/81\/revisions"}],"predecessor-version":[{"id":1086,"href":"https:\/\/grandtoureurope.fr\/index.php\/wp-json\/wp\/v2\/pages\/81\/revisions\/1086"}],"wp:attachment":[{"href":"https:\/\/grandtoureurope.fr\/index.php\/wp-json\/wp\/v2\/media?parent=81"}],"curies":[{"name":"wp","href":"https:\/\/api.w.org\/{rel}","templated":true}]}}