{"id":75,"date":"2024-02-26T18:48:27","date_gmt":"2024-02-26T17:48:27","guid":{"rendered":"https:\/\/grandtoureurope.fr\/?page_id=75"},"modified":"2024-04-29T14:50:51","modified_gmt":"2024-04-29T12:50:51","slug":"le-grand-tour","status":"publish","type":"page","link":"https:\/\/grandtoureurope.fr\/index.php\/le-grand-tour\/","title":{"rendered":"Le Grand Tour"},"content":{"rendered":"\t\t<div data-elementor-type=\"wp-page\" data-elementor-id=\"75\" class=\"elementor elementor-75\">\n\t\t\t\t<div class=\"elementor-element elementor-element-2f9b1e2 e-flex e-con-boxed e-con e-parent\" data-id=\"2f9b1e2\" data-element_type=\"container\" data-settings=\"{&quot;content_width&quot;:&quot;boxed&quot;}\" data-core-v316-plus=\"true\">\n\t\t\t\t\t<div class=\"e-con-inner\">\n\t\t\t\t<div class=\"elementor-element elementor-element-4309548 elementor-widget elementor-widget-text-editor\" data-id=\"4309548\" data-element_type=\"widget\" data-widget_type=\"text-editor.default\">\n\t\t\t\t<div class=\"elementor-widget-container\">\n\t\t\t<style>\/*! elementor - v3.19.0 - 26-02-2024 *\/\n.elementor-widget-text-editor.elementor-drop-cap-view-stacked .elementor-drop-cap{background-color:#69727d;color:#fff}.elementor-widget-text-editor.elementor-drop-cap-view-framed .elementor-drop-cap{color:#69727d;border:3px solid;background-color:transparent}.elementor-widget-text-editor:not(.elementor-drop-cap-view-default) .elementor-drop-cap{margin-top:8px}.elementor-widget-text-editor:not(.elementor-drop-cap-view-default) .elementor-drop-cap-letter{width:1em;height:1em}.elementor-widget-text-editor .elementor-drop-cap{float:left;text-align:center;line-height:1;font-size:50px}.elementor-widget-text-editor .elementor-drop-cap-letter{display:inline-block}<\/style>\t\t\t\t<h2 style=\"text-align: center;\">LE GRAND TOUR<\/h2>\t\t\t\t\t\t<\/div>\n\t\t\t\t<\/div>\n\t\t\t\t\t<\/div>\n\t\t\t\t<\/div>\n\t\t<div class=\"elementor-element elementor-element-dad5788 e-flex e-con-boxed e-con e-parent\" data-id=\"dad5788\" data-element_type=\"container\" data-settings=\"{&quot;content_width&quot;:&quot;boxed&quot;}\" data-core-v316-plus=\"true\">\n\t\t\t\t\t<div class=\"e-con-inner\">\n\t\t\t\t<div class=\"elementor-element elementor-element-d1800cb elementor-widget elementor-widget-text-editor\" data-id=\"d1800cb\" data-element_type=\"widget\" data-widget_type=\"text-editor.default\">\n\t\t\t\t<div class=\"elementor-widget-container\">\n\t\t\t\t\t\t\t<h5 style=\"text-align: left;\"><i><span style=\"font-weight: 400;\">\nJuin 2020-juin 2021 : \u00e0 17 ans, Elio et Justin font un tour d\u2019Europe \u00e0 v\u00e9lo d\u2019une dur\u00e9e d\u2019un an, en d\u00e9jouant la pand\u00e9mie qui ferme les fronti\u00e8res. Leur amiti\u00e9, leurs histoires d\u2019amour, leurs rencontres avec de jeunes europ\u00e9ens, leurs familles et leurs potes toujours avec eux sur l\u2019\u00e9cran de leurs smartphones, les p\u00e9rip\u00e9ties du voyage : un portrait intime de deux adolescents qui deviennent de jeunes adultes.<\/span><\/i><\/h5>\t\t\t\t\t\t<\/div>\n\t\t\t\t<\/div>\n\t\t\t\t\t<\/div>\n\t\t\t\t<\/div>\n\t\t<div class=\"elementor-element elementor-element-2ad5f56 e-flex e-con-boxed e-con e-parent\" data-id=\"2ad5f56\" data-element_type=\"container\" data-settings=\"{&quot;content_width&quot;:&quot;boxed&quot;}\" data-core-v316-plus=\"true\">\n\t\t\t\t\t<div class=\"e-con-inner\">\n\t\t\t\t<div class=\"elementor-element elementor-element-0d92879 elementor-widget elementor-widget-image\" data-id=\"0d92879\" data-element_type=\"widget\" data-widget_type=\"image.default\">\n\t\t\t\t<div class=\"elementor-widget-container\">\n\t\t\t<style>\/*! elementor - v3.19.0 - 26-02-2024 *\/\n.elementor-widget-image{text-align:center}.elementor-widget-image a{display:inline-block}.elementor-widget-image a img[src$=\".svg\"]{width:48px}.elementor-widget-image img{vertical-align:middle;display:inline-block}<\/style>\t\t\t\t\t\t\t\t\t\t<img fetchpriority=\"high\" decoding=\"async\" width=\"1920\" height=\"1080\" src=\"https:\/\/grandtoureurope.fr\/wp-content\/uploads\/2024\/02\/Photo-1-Le-Grand-Tour.png\" class=\"attachment-full size-full wp-image-281\" alt=\"\" srcset=\"https:\/\/grandtoureurope.fr\/wp-content\/uploads\/2024\/02\/Photo-1-Le-Grand-Tour.png 1920w, https:\/\/grandtoureurope.fr\/wp-content\/uploads\/2024\/02\/Photo-1-Le-Grand-Tour-1536x864.png 1536w\" sizes=\"(max-width: 1920px) 100vw, 1920px\" \/>\t\t\t\t\t\t\t\t\t\t\t\t\t<\/div>\n\t\t\t\t<\/div>\n\t\t\t\t\t<\/div>\n\t\t\t\t<\/div>\n\t\t<div class=\"elementor-element elementor-element-c8b609d e-flex e-con-boxed e-con e-parent\" data-id=\"c8b609d\" data-element_type=\"container\" data-settings=\"{&quot;content_width&quot;:&quot;boxed&quot;}\" data-core-v316-plus=\"true\">\n\t\t\t\t\t<div class=\"e-con-inner\">\n\t\t\t\t<div class=\"elementor-element elementor-element-22b397c elementor-widget elementor-widget-text-editor\" data-id=\"22b397c\" data-element_type=\"widget\" data-widget_type=\"text-editor.default\">\n\t\t\t\t<div class=\"elementor-widget-container\">\n\t\t\t\t\t\t\t<h4 style=\"text-align: center;\"><strong>Cinq questions \u00e0 Jean-Pierre Sicard<\/strong><\/h4>\n<h5><strong><i>Comment est n\u00e9 le projet de film?<\/i><\/strong><\/h5>\n<h5><span style=\"font-weight: 400;\">J\u2019ai rencontr\u00e9 Elio quand il avait quatorze ans, en 2017. Je me suis mis \u00e0 le filmer pour un documentaire sur sa vie\u2026 documentaire sur une adolescence aujourd\u2019hui.<\/span><\/h5>\n<h5><span style=\"font-weight: 400;\">Fin 2018, Elio me parle d\u2019un projet de voyage qu\u2019il a en lui depuis la fin de son enfance. Il rencontre Justin \u00e0 l\u2019internat du lyc\u00e9e, en seconde. Il l\u2019entra\u00eene \u00e0 r\u00eaver d\u2019une ann\u00e9e \u00e0 deux v\u00e9los \u00e0 travers l\u2019Europe, apr\u00e8s le bac. Leurs deux personnalit\u00e9s tr\u00e8s diff\u00e9rentes ressemblent \u00e0 un duo de cin\u00e9ma. Je leur propose de faire un documentaire sur leur voyage. L\u2019id\u00e9e renforce leur motivation et valorise leur projet. Ils mettent en avant une dimension \u00e9cologique et citoyenne, qui me pla\u00eet et fait \u00e9cho \u00e0 un large pan de mon parcours professionnel. Je les laisse faire \u00e0 leur fa\u00e7on, qui me surprend souvent, dans la forme comme sur le fond.<\/span><\/h5>\n<h5><span style=\"font-weight: 400;\">Au long de leurs deux ann\u00e9es de pr\u00e9paratifs o\u00f9 se cumulent \u00ab rep\u00e9rages \u00bb pour ce documentaire autour de leur voyage, moments o\u00f9 je les filme au quotidien et tournage d\u2019une fiction dont ils sont certains des acteurs, s\u2019est dessin\u00e9 mon projet de film.<\/span><\/h5>\t\t\t\t\t\t<\/div>\n\t\t\t\t<\/div>\n\t\t\t\t\t<\/div>\n\t\t\t\t<\/div>\n\t\t<div class=\"elementor-element elementor-element-b68477c e-flex e-con-boxed e-con e-parent\" data-id=\"b68477c\" data-element_type=\"container\" data-settings=\"{&quot;content_width&quot;:&quot;boxed&quot;}\" data-core-v316-plus=\"true\">\n\t\t\t\t\t<div class=\"e-con-inner\">\n\t\t\t\t<div class=\"elementor-element elementor-element-f953761 elementor-widget elementor-widget-image\" data-id=\"f953761\" data-element_type=\"widget\" data-widget_type=\"image.default\">\n\t\t\t\t<div class=\"elementor-widget-container\">\n\t\t\t\t\t\t\t\t\t\t\t\t\t<img decoding=\"async\" width=\"2560\" height=\"1440\" src=\"https:\/\/grandtoureurope.fr\/wp-content\/uploads\/2024\/02\/Photo-2-Le-Grand-Tour-scaled.jpg\" class=\"attachment-full size-full wp-image-282\" alt=\"\" srcset=\"https:\/\/grandtoureurope.fr\/wp-content\/uploads\/2024\/02\/Photo-2-Le-Grand-Tour-scaled.jpg 2560w, https:\/\/grandtoureurope.fr\/wp-content\/uploads\/2024\/02\/Photo-2-Le-Grand-Tour-1536x864.jpg 1536w, https:\/\/grandtoureurope.fr\/wp-content\/uploads\/2024\/02\/Photo-2-Le-Grand-Tour-2048x1152.jpg 2048w\" sizes=\"(max-width: 2560px) 100vw, 2560px\" \/>\t\t\t\t\t\t\t\t\t\t\t\t\t<\/div>\n\t\t\t\t<\/div>\n\t\t\t\t\t<\/div>\n\t\t\t\t<\/div>\n\t\t<div class=\"elementor-element elementor-element-d001991 e-flex e-con-boxed e-con e-parent\" data-id=\"d001991\" data-element_type=\"container\" data-settings=\"{&quot;content_width&quot;:&quot;boxed&quot;}\" data-core-v316-plus=\"true\">\n\t\t\t\t\t<div class=\"e-con-inner\">\n\t\t\t\t<div class=\"elementor-element elementor-element-204115e elementor-widget elementor-widget-text-editor\" data-id=\"204115e\" data-element_type=\"widget\" data-widget_type=\"text-editor.default\">\n\t\t\t\t<div class=\"elementor-widget-container\">\n\t\t\t\t\t\t\t<h5><strong><i>Comment s\u2019est fait le tournage autour de l\u2019Europe?<\/i><\/strong><\/h5>\n<h5><span style=\"font-weight: 400;\">J\u2019ai rejoint Elio et Justin en Belgique et aux Pays-Bas, dans le nord de la Norv\u00e8ge, entre Varsovie et Cracovie, \u00e0 Prague, en Roumanie, de Milan \u00e0 G\u00e8nes, pendant une dizaine de jours \u00e0 chaque fois. En septembre 2020, quand je les ai rejoints en Norv\u00e8ge, deux mois apr\u00e8s leur d\u00e9part, Elio et Justin ont insist\u00e9 : \u00abJP, ne dis plus \u2018\u2019votre voyage\u2019\u2019, dis \u2018\u2019notre voyage.\u2019\u2019\u00bb Et c\u2019est vrai qu\u2019au-del\u00e0 de ces p\u00e9riodes o\u00f9 je les retrouvais, j\u2019ai suivi leur trajet au jour le jour. La g\u00e9olocalisation permanente, les \u00ab vocaux \u00bb et les messages \u00e0 tout propos, ou encore le blog du voyage que nous faisions ensemble via les \u00e9crans, me donnaient l\u2019impression de vivre leur aventure au quotidien avec eux.<\/span><\/h5>\n<h5><span style=\"font-weight: 400;\">Elio et Justin sont coauteurs du sc\u00e9nario documentaire et j\u2019ai pu utiliser toutes leurs archives vid\u00e9o ou audios, m\u00eame si je suis l\u2019auteur du film et qu\u2019ils ne sont pas intervenus au montage.<\/span><\/h5>\t\t\t\t\t\t<\/div>\n\t\t\t\t<\/div>\n\t\t\t\t\t<\/div>\n\t\t\t\t<\/div>\n\t\t<div class=\"elementor-element elementor-element-4fa270d e-flex e-con-boxed e-con e-parent\" data-id=\"4fa270d\" data-element_type=\"container\" data-settings=\"{&quot;content_width&quot;:&quot;boxed&quot;}\" data-core-v316-plus=\"true\">\n\t\t\t\t\t<div class=\"e-con-inner\">\n\t\t\t\t<div class=\"elementor-element elementor-element-c71c2ee elementor-widget elementor-widget-image\" data-id=\"c71c2ee\" data-element_type=\"widget\" data-widget_type=\"image.default\">\n\t\t\t\t<div class=\"elementor-widget-container\">\n\t\t\t\t\t\t\t\t\t\t\t\t\t<img decoding=\"async\" width=\"1920\" height=\"1080\" src=\"https:\/\/grandtoureurope.fr\/wp-content\/uploads\/2024\/02\/Photo-3-Le-Grand-Tour-1.jpg\" class=\"attachment-full size-full wp-image-287\" alt=\"\" srcset=\"https:\/\/grandtoureurope.fr\/wp-content\/uploads\/2024\/02\/Photo-3-Le-Grand-Tour-1.jpg 1920w, https:\/\/grandtoureurope.fr\/wp-content\/uploads\/2024\/02\/Photo-3-Le-Grand-Tour-1-1536x864.jpg 1536w\" sizes=\"(max-width: 1920px) 100vw, 1920px\" \/>\t\t\t\t\t\t\t\t\t\t\t\t\t<\/div>\n\t\t\t\t<\/div>\n\t\t\t\t\t<\/div>\n\t\t\t\t<\/div>\n\t\t<div class=\"elementor-element elementor-element-91c8b1c e-flex e-con-boxed e-con e-parent\" data-id=\"91c8b1c\" data-element_type=\"container\" data-settings=\"{&quot;content_width&quot;:&quot;boxed&quot;}\" data-core-v316-plus=\"true\">\n\t\t\t\t\t<div class=\"e-con-inner\">\n\t\t\t\t<div class=\"elementor-element elementor-element-50c3924 elementor-widget elementor-widget-text-editor\" data-id=\"50c3924\" data-element_type=\"widget\" data-widget_type=\"text-editor.default\">\n\t\t\t\t<div class=\"elementor-widget-container\">\n\t\t\t\t\t\t\t<p><span style=\"font-family: Times, serif;\"><span style=\"font-size: large;\"><span style=\"font-family: Arial, serif;\"><i><b>Comment s\u2019articulent le point de vue du r\u00e9alisateur et celui des protagonistes du voyage?<\/b><\/i><\/span><\/span><\/span><\/p><p><span style=\"font-family: Times, serif;\"><span style=\"font-size: large;\"><span style=\"font-family: Arial, serif;\">Le film met en sc\u00e8ne un double point de vue. Le mien bien s\u00fbr, \u00e0 la recherche de leur portrait. Le leur, qu\u2019expriment leurs Story Insta, les vid\u00e9os qu\u2019ils filmaient pour leurs potes ou leur famille et tous les contenus qu\u2019ils mettaient en ligne \u2013 le philosophe Bruno Latour, dans l\u2019\u00e9change \u00e0 distance avec eux que j\u2019ai film\u00e9 au cours du voyage, leur a dit avec humour\u00a0: <\/span><span style=\"font-family: Arial, serif;\"><i>\u00ab\u00a0Vous \u00eates un r\u00e9seau qui se d\u00e9place \u00e0 bicyclette\u00a0!\u00a0\u00bb<\/i><\/span><span style=\"font-family: Arial, serif;\">. <\/span><\/span><\/span><\/p><p><span style=\"font-family: Times, serif;\"><span style=\"font-family: Arial, serif;\"><span style=\"font-size: large;\">D\u2019autres vid\u00e9os d\u2019Elio et Justin m\u2019\u00e9taient adress\u00e9es personnellement et nous avons \u00e9chang\u00e9 beaucoup de messages vocaux. Dans le film, ces messages racontent notre grande complicit\u00e9 et ma relation \u00e0 distance avec eux. Cette confiance de leur part rend possible le regard que je porte sur eux en tant que cin\u00e9aste.<\/span><\/span><\/span><\/p>\t\t\t\t\t\t<\/div>\n\t\t\t\t<\/div>\n\t\t\t\t\t<\/div>\n\t\t\t\t<\/div>\n\t\t<div class=\"elementor-element elementor-element-f1b84d8 e-flex e-con-boxed e-con e-parent\" data-id=\"f1b84d8\" data-element_type=\"container\" data-settings=\"{&quot;content_width&quot;:&quot;boxed&quot;}\" data-core-v316-plus=\"true\">\n\t\t\t\t\t<div class=\"e-con-inner\">\n\t\t\t\t<div class=\"elementor-element elementor-element-73b7d7b elementor-widget elementor-widget-image\" data-id=\"73b7d7b\" data-element_type=\"widget\" data-widget_type=\"image.default\">\n\t\t\t\t<div class=\"elementor-widget-container\">\n\t\t\t\t\t\t\t\t\t\t\t\t\t<img loading=\"lazy\" decoding=\"async\" width=\"1920\" height=\"1080\" src=\"https:\/\/grandtoureurope.fr\/wp-content\/uploads\/2024\/02\/Photo-4-Le-Grand-Tour.jpg\" class=\"attachment-full size-full wp-image-288\" alt=\"\" srcset=\"https:\/\/grandtoureurope.fr\/wp-content\/uploads\/2024\/02\/Photo-4-Le-Grand-Tour.jpg 1920w, https:\/\/grandtoureurope.fr\/wp-content\/uploads\/2024\/02\/Photo-4-Le-Grand-Tour-1536x864.jpg 1536w\" sizes=\"(max-width: 1920px) 100vw, 1920px\" \/>\t\t\t\t\t\t\t\t\t\t\t\t\t<\/div>\n\t\t\t\t<\/div>\n\t\t\t\t\t<\/div>\n\t\t\t\t<\/div>\n\t\t<div class=\"elementor-element elementor-element-fa4e7b9 e-flex e-con-boxed e-con e-parent\" data-id=\"fa4e7b9\" data-element_type=\"container\" data-settings=\"{&quot;content_width&quot;:&quot;boxed&quot;}\" data-core-v316-plus=\"true\">\n\t\t\t\t\t<div class=\"e-con-inner\">\n\t\t\t\t<div class=\"elementor-element elementor-element-9fd4e41 elementor-widget elementor-widget-text-editor\" data-id=\"9fd4e41\" data-element_type=\"widget\" data-widget_type=\"text-editor.default\">\n\t\t\t\t<div class=\"elementor-widget-container\">\n\t\t\t\t\t\t\t<p><span style=\"font-family: Times, serif;\"><span style=\"font-size: large;\"><span style=\"font-family: Arial, serif;\"><i><b>Au-del\u00e0 de la chronique du voyage, quels<\/b><\/i><\/span><i> <\/i><span style=\"font-family: Arial, serif;\"><i><b>sont les th\u00e8mes du film?<\/b><\/i><\/span><\/span><\/span><\/p><p><span style=\"font-family: Times, serif;\"><span style=\"font-size: large;\"><span style=\"font-family: Arial, serif;\">Si leurs histoires sentimentales, leur solitude \u00e0 deux et leurs rencontres au cours du voyage forment la trame du film, j\u2019ai aussi \u00e9t\u00e9 sensible \u00e0 deux th\u00e8mes port\u00e9s par Elio et Justin \u00e0 travers ce projet\u00a0: \u00e9cologie et relation \u00e0 l\u2019Europe.<\/span><\/span><\/span><\/p><p><span style=\"font-family: Times, serif;\"><span style=\"font-size: large;\"><span style=\"font-family: Arial, serif;\">Mais l\u2019essentiel de mon propos n\u2019est pas dans l\u2019analyse sociologique, ni dans la r\u00e9flexion sur les diff\u00e9rentes natures d\u2019images et de r\u00e9cits.<\/span><\/span><\/span><\/p><p><span style=\"font-family: Times, serif;\"><span style=\"font-size: large;\"><span style=\"font-family: Arial, serif;\">M\u00eame si le contexte fait de ces r\u00e9alit\u00e9s actuelles une composante caract\u00e9ristique du film, celui-ci se veut d\u2019abord un portrait sensible d\u2019adolescents d\u2019aujourd\u2019hui, qu\u2019on voit changer et m\u00fbrir au cours de leur ann\u00e9e de voyage.<\/span><\/span><\/span><\/p>\t\t\t\t\t\t<\/div>\n\t\t\t\t<\/div>\n\t\t\t\t\t<\/div>\n\t\t\t\t<\/div>\n\t\t<div class=\"elementor-element elementor-element-f364e16 e-flex e-con-boxed e-con e-parent\" data-id=\"f364e16\" data-element_type=\"container\" data-settings=\"{&quot;content_width&quot;:&quot;boxed&quot;}\" data-core-v316-plus=\"true\">\n\t\t\t\t\t<div class=\"e-con-inner\">\n\t\t\t\t<div class=\"elementor-element elementor-element-b7c571d elementor-widget elementor-widget-image\" data-id=\"b7c571d\" data-element_type=\"widget\" data-widget_type=\"image.default\">\n\t\t\t\t<div class=\"elementor-widget-container\">\n\t\t\t\t\t\t\t\t\t\t\t\t\t<img loading=\"lazy\" decoding=\"async\" width=\"1920\" height=\"1080\" src=\"https:\/\/grandtoureurope.fr\/wp-content\/uploads\/2024\/02\/Photo-5-Le-Grand-Tour.png\" class=\"attachment-full size-full wp-image-293\" alt=\"\" srcset=\"https:\/\/grandtoureurope.fr\/wp-content\/uploads\/2024\/02\/Photo-5-Le-Grand-Tour.png 1920w, https:\/\/grandtoureurope.fr\/wp-content\/uploads\/2024\/02\/Photo-5-Le-Grand-Tour-1536x864.png 1536w\" sizes=\"(max-width: 1920px) 100vw, 1920px\" \/>\t\t\t\t\t\t\t\t\t\t\t\t\t<\/div>\n\t\t\t\t<\/div>\n\t\t\t\t<div class=\"elementor-element elementor-element-0075e98 elementor-widget elementor-widget-text-editor\" data-id=\"0075e98\" data-element_type=\"widget\" data-widget_type=\"text-editor.default\">\n\t\t\t\t<div class=\"elementor-widget-container\">\n\t\t\t\t\t\t\t<p><span style=\"font-family: Times, serif;\"><span style=\"font-size: large;\"><span style=\"font-family: Arial, serif;\"><i><b>Comment a \u00e9t\u00e9 choisi le titre?<\/b><\/i><\/span><\/span><\/span><\/p><p><span style=\"font-family: Times, serif;\"><span style=\"font-size: large;\"><span style=\"font-family: Arial, serif;\">Le Grand Tour, qui s\u2019\u00e9crit de la m\u00eame fa\u00e7on en anglais, est \u00e0 l&#8217;origine un long voyage en Europe effectu\u00e9 par les jeunes hommes, plus rarement les jeunes femmes, des plus hautes classes de la soci\u00e9t\u00e9 europ\u00e9enne, puis aussi par les jeunes artistes, du milieu du XVI\u00e8me si\u00e8cle jusqu\u2019au XIX\u00e8me si\u00e8cle, juste apr\u00e8s ou pendant leurs \u00e9tudes, pour parfaire leur \u00e9ducation. C\u2019est une expression \u00ab classique \u00bb pour parler d\u2019une exp\u00e9rience formatrice gr\u00e2ce \u00e0 un voyage de plusieurs mois en Europe \u00e0 l\u2019\u00e2ge o\u00f9 Elio et Justin l\u2019ont v\u00e9cu, \u00e9videmment dans des conditions tr\u00e8s diff\u00e9rentes. Les historiens pr\u00e9cisent aussi que \u00ab le Grand Tour avait parfois une derni\u00e8re fonction \u00e9ducatrice : l\u2019\u00e9ducation sexuelle. L\u2019\u00e9tape \u00e0 Venise avait longtemps servi ce but, pour traiter des chagrins d\u2019amour et offrir un programme \u00e9rotique inavou\u00e9 \u00bb&#8230; ce qui fait tr\u00e8s directement \u00e9cho \u00e0 ce que le film raconte.<\/span><\/span><\/span><\/p>\t\t\t\t\t\t<\/div>\n\t\t\t\t<\/div>\n\t\t\t\t\t<\/div>\n\t\t\t\t<\/div>\n\t\t<div class=\"elementor-element elementor-element-44ff718 e-flex e-con-boxed e-con e-parent\" data-id=\"44ff718\" data-element_type=\"container\" data-settings=\"{&quot;content_width&quot;:&quot;boxed&quot;}\" data-core-v316-plus=\"true\">\n\t\t\t\t\t<div class=\"e-con-inner\">\n\t\t\t\t<div class=\"elementor-element elementor-element-91d2b7d elementor-widget elementor-widget-image\" data-id=\"91d2b7d\" data-element_type=\"widget\" data-widget_type=\"image.default\">\n\t\t\t\t<div class=\"elementor-widget-container\">\n\t\t\t\t\t\t\t\t\t\t\t\t\t<img loading=\"lazy\" decoding=\"async\" width=\"1920\" height=\"1080\" src=\"https:\/\/grandtoureurope.fr\/wp-content\/uploads\/2024\/02\/Photo-6-Le-Grand-Tour.jpg\" class=\"attachment-full size-full wp-image-294\" alt=\"\" srcset=\"https:\/\/grandtoureurope.fr\/wp-content\/uploads\/2024\/02\/Photo-6-Le-Grand-Tour.jpg 1920w, https:\/\/grandtoureurope.fr\/wp-content\/uploads\/2024\/02\/Photo-6-Le-Grand-Tour-1536x864.jpg 1536w\" sizes=\"(max-width: 1920px) 100vw, 1920px\" \/>\t\t\t\t\t\t\t\t\t\t\t\t\t<\/div>\n\t\t\t\t<\/div>\n\t\t\t\t\t<\/div>\n\t\t\t\t<\/div>\n\t\t<div class=\"elementor-element elementor-element-11979bc e-flex e-con-boxed e-con e-parent\" data-id=\"11979bc\" data-element_type=\"container\" data-settings=\"{&quot;content_width&quot;:&quot;boxed&quot;}\" data-core-v316-plus=\"true\">\n\t\t\t\t\t<div class=\"e-con-inner\">\n\t\t\t\t<div class=\"elementor-element elementor-element-b914d98 elementor-widget elementor-widget-text-editor\" data-id=\"b914d98\" data-element_type=\"widget\" data-widget_type=\"text-editor.default\">\n\t\t\t\t<div class=\"elementor-widget-container\">\n\t\t\t\t\t\t\t<p style=\"text-align: center;\"><span style=\"font-family: Times, serif;\"><span style=\"font-size: medium;\"><span style=\"font-family: Arial, serif;\">Les \u00e9missions de gaz \u00e0 effet de serre g\u00e9n\u00e9r\u00e9es par la production du film \u00ab\u00a0Le Grand Tour\u00a0\u00bb ont fait l\u2019objet d\u2019une d\u00e9marche de compensation, en coh\u00e9rence avec les objectifs \u00e9cologiques du tour d\u2019Europe \u00e0 v\u00e9lo d\u2019Elio et Justin.<\/span><\/span><\/span><\/p><p style=\"text-align: center;\"><span style=\"font-family: Times, serif;\"><span style=\"font-size: medium;\"><span style=\"font-family: Arial, serif;\">Bien \u00e9videmment, comme pour toute activit\u00e9 g\u00e9n\u00e9rant des gaz \u00e0 effet de serre, il s\u2019agit prioritairement de limiter ceux-ci au maximum. De fait la production du film a eu de faibles \u00e9missions de gaz \u00e0 effet de serre relativement \u00e0 sa dur\u00e9e. Mais il reste un impact que nous avons souhait\u00e9 \u00e9valuer et compenser selon une approche reconnue et certifi\u00e9e.<\/span><\/span><\/span><\/p><p style=\"text-align: center;\"><span style=\"font-family: Times, serif;\"><span style=\"font-size: medium;\"><span style=\"font-family: Arial, serif;\">Cet impact a \u00e9t\u00e9 mesur\u00e9 selon les recommandations du Centre National du Cin\u00e9ma et de l\u2019Image Anim\u00e9e, via un des sites Internet que ce dernier a valid\u00e9s. Ces \u00e9missions repr\u00e9sentent environ 9,8 Tonnes \u00e9quivalent carbone, principalement en raison des impacts des transports, du fait des conditions particuli\u00e8res de tournage, avec des effectifs tr\u00e8s limit\u00e9s et des conditions techniques tr\u00e8s modestes, mais ayant n\u00e9cessit\u00e9 plusieurs d\u00e9placements en France et dans diff\u00e9rents pays europ\u00e9ens.<\/span><\/span><\/span><\/p><p style=\"text-align: center;\"><span style=\"font-family: Times, serif;\"><span style=\"font-size: medium;\"><span style=\"font-family: Arial, serif;\">Pour la compensation, arrondie \u00e0 10 TeC, le prestataire retenu est le Geres, une ONG de d\u00e9veloppement internationale qui \u0153uvre \u00e0 l\u2019am\u00e9lioration des conditions de vie et lutte contre les changements climatiques et leurs impacts. Le Geres a propos\u00e9 des \u2018\u2019cr\u00e9dits carbone\u2019\u2019 issus du projet CEnAO (Climat Energie en Afrique de l\u2019Ouest) qui a comme objectif de contribuer \u00e0 la pr\u00e9servation de la ressource en bois-\u00e9nergie, la r\u00e9duction de la pr\u00e9carit\u00e9 \u00e9nerg\u00e9tique des m\u00e9nages urbains et au d\u00e9veloppement \u00e9conomique local, en agissant sur un changement d\u2019\u00e9chelle dans la diffusion des foyers am\u00e9lior\u00e9s de cuisson au Mali. Ce projet b\u00e9n\u00e9ficie d\u2019une double certification UNFCCC et Gold Standard.<\/span><\/span><\/span><\/p>\t\t\t\t\t\t<\/div>\n\t\t\t\t<\/div>\n\t\t\t\t\t<\/div>\n\t\t\t\t<\/div>\n\t\t\t\t<\/div>\n\t\t","protected":false},"excerpt":{"rendered":"<p>LE GRAND TOUR Juin 2020-juin 2021 : \u00e0 17 ans, Elio et Justin font un tour d\u2019Europe \u00e0 v\u00e9lo d\u2019une dur\u00e9e d\u2019un an, en d\u00e9jouant la pand\u00e9mie qui ferme les fronti\u00e8res. Leur amiti\u00e9, leurs histoires d\u2019amour, leurs rencontres avec de jeunes europ\u00e9ens, leurs familles et leurs potes toujours avec eux sur l\u2019\u00e9cran de leurs smartphones, [&hellip;]<\/p>\n","protected":false},"author":1,"featured_media":0,"parent":0,"menu_order":0,"comment_status":"closed","ping_status":"closed","template":"","meta":{"footnotes":""},"class_list":["post-75","page","type-page","status-publish","hentry"],"_links":{"self":[{"href":"https:\/\/grandtoureurope.fr\/index.php\/wp-json\/wp\/v2\/pages\/75","targetHints":{"allow":["GET"]}}],"collection":[{"href":"https:\/\/grandtoureurope.fr\/index.php\/wp-json\/wp\/v2\/pages"}],"about":[{"href":"https:\/\/grandtoureurope.fr\/index.php\/wp-json\/wp\/v2\/types\/page"}],"author":[{"embeddable":true,"href":"https:\/\/grandtoureurope.fr\/index.php\/wp-json\/wp\/v2\/users\/1"}],"replies":[{"embeddable":true,"href":"https:\/\/grandtoureurope.fr\/index.php\/wp-json\/wp\/v2\/comments?post=75"}],"version-history":[{"count":82,"href":"https:\/\/grandtoureurope.fr\/index.php\/wp-json\/wp\/v2\/pages\/75\/revisions"}],"predecessor-version":[{"id":1069,"href":"https:\/\/grandtoureurope.fr\/index.php\/wp-json\/wp\/v2\/pages\/75\/revisions\/1069"}],"wp:attachment":[{"href":"https:\/\/grandtoureurope.fr\/index.php\/wp-json\/wp\/v2\/media?parent=75"}],"curies":[{"name":"wp","href":"https:\/\/api.w.org\/{rel}","templated":true}]}}